0)/(-11) + -2). Calculate the highest common divisor of 12 and s.
12
Suppose 4*i + 48 = 2*g, g + 5*i + 3 - 55 = 0. Calculate the greatest common factor of 4 and g.
4
Suppose -3*v = -3 + 6. Let g be v/(-2) + 7/(-14). Suppose 2*j - 4 = -x - 0*x, -4*j - 12 = g. Calculate the greatest common divisor of x and 110.
10
Let x be (1 - 1/(-1)) + 0. Let z = -20 - -11. Let j = -4 - z. What is the highest common divisor of x and j?
1
Let c be 2/(-3) - (-4340)/12. Suppose -3*v = 6, 0*v = 3*o + v - c. Suppose -4*u - 2*u = -66. What is the highest common factor of o and u?
11
Let g be ((-6)/4)/(3/(-16)). Suppose -5*k - q + 190 = 0, -q + 6 - 1 = 0. Suppose -5 = 4*x - k. Calculate the greatest common factor of g and x.
8
Suppose -5*m - 3*l + 79 = 0, -16*l + 17*l = -2. Let v(q) = 3*q**3 - 2*q**2 + q - 1. Let g be v(2). What is the highest common factor of m and g?
17
Suppose -399 = -4*r - y, r + 503 = 6*r - 3*y. Calculate the greatest common factor of 20 and r.
20
Let y = -15 + 31. Let x(g) = 2*g - 8. Let v be x(6). Suppose -2*j - 155 - 89 = -3*c, -v*j + y = 0. Calculate the highest common divisor of 12 and c.
12
Let i = -68 + 108. Calculate the highest common divisor of i and 16.
8
Let w be (13 - -23)*((-6)/9 - -2). Calculate the highest common divisor of w and 80.
16
Let j be ((-18)/15)/(12/(-80)). What is the highest common factor of 88 and j?
8
Let l = -27 - -43. Calculate the greatest common divisor of 144 and l.
16
Let q be 4/(4/(-15))*42/(-9). Calculate the greatest common factor of 14 and q.
14
Suppose 2*t + 4*c - 20 = 0, t + 10 = 2*t - c. Let l(u) = 72*u - 2. Let m be -1*(-3 + 4) - -2. Let n be l(m). What is the highest common factor of t and n?
10
Suppose 3*c = -c + 16. Suppose -c*z = -0*z - 56. Suppose -3*r - 2*r + 490 = 0. Calculate the highest common divisor of z and r.
14
Let r = -7 + 8. Suppose -o + 1 = -0*o. Calculate the greatest common divisor of r and o.
1
Let b = -7 - -36. Suppose -5*j + b = -51. Calculate the highest common factor of 40 and j.
8
Let n = -13 + 5. Let b(i) be the third derivative of -i**4/24 + 27*i**2. Let y be b(n). What is the highest common factor of y and 24?
8
Let s(h) = h**2 + h + 14. Let x be s(0). Let v = x + -2. What is the highest common factor of 60 and v?
12
Suppose -f - 90 = -6*f. Calculate the greatest common factor of f and 12.
6
Let a be (2 + (-20)/4)*-6. Calculate the greatest common divisor of 198 and a.
18
Let s be 1/(14/6 + -2). Suppose 5*l - 20 = x - s*x, -l = -x + 3. Let r = 3 - 1. Calculate the highest common divisor of l and r.
2
Let g(a) be the first derivative of -a**2/2 + 2*a - 5. Let t be g(-6). Calculate the greatest common factor of t and 4.
4
Let p be 10/(-4)*(-18)/15. Calculate the highest common divisor of p and 12.
3
Let n = 2 - 4. Let h be -4*(n + (-6)/(-4)). Suppose -x + 0 = -h. Calculate the greatest common factor of x and 1.
1
Suppose -j = 13*j - 126. Calculate the highest common factor of 99 and j.
9
Let k = -8 + 40. Calculate the greatest common divisor of 24 and k.
8
Suppose -7 = -z - 4*u, -2*u - 1 = 1. Let o = 4 - 2. Suppose 117 - 7 = o*d. What is the greatest common factor of d and z?
11
Let l(k) = k**3 - 15*k**2 + 7*k - 17. Let x be l(15). Calculate the highest common factor of x and 8.
8
Suppose -12 - 3 = -5*j. Suppose -j*z + 101 = -5*o, 2*z = 4*z + 3*o - 80. Let v = -20 + z. Calculate the highest common factor of v and 153.
17
Let v be 4/14 - 435/(-21). What is the highest common factor of v and 14?
7
Let h(u) = 11*u**2 + u - 17. Let t(b) = -5*b**2 + 9. Let m(c) = -4*h(c) - 9*t(c). Let f be m(11). Calculate the highest common factor of 8 and f.
8
Suppose -15 = -i + 3*x - 37, 3*i = -2*x - 11. Let q be (-15)/(-5) + 15/(-1). Let y = i - q. Calculate the greatest common factor of 55 and y.
5
Let w be (1 - 0)*(9 + 7). Suppose 3*u + w - 46 = 0. What is the greatest common divisor of u and 10?
10
Suppose -3*g = 5*i - 5*g - 46, -12 = -3*i - 4*g. What is the greatest common divisor of i and 1?
1
Let r(u) = u**2 - 9*u + 8. Let b be r(9). Let o(y) = 4*y**2 + 3*y - 3. Let a be o(-3). What is the highest common factor of b and a?
8
Let y be ((-1)/(-3))/((-3)/(-18)). Suppose -2*b + 2*l - 6 = 0, -y*b = 3*l - 2 - 7. Suppose b*g = g - 15. What is the greatest common divisor of g and 15?
15
Let a = 19 + -11. Let b(r) = r**2 - 4*r - 7. Let f be b(6). Suppose o + f = v, 2*v - 6*v = 2*o - 2. Calculate the greatest common factor of v and a.
2
Let n(o) = o - 2. Let f be n(4). Suppose f = 2*s - s. Suppose 5*y = -15, -s*m - y = -39 - 22. What is the greatest common factor of m and 8?
8
Let m(h) = -h**3 + 8*h**2 + 3*h - 3. Let g be m(8). Suppose -3*w = 2*p - 324, -p - 656 = -5*p - 4*w. What is the highest common factor of g and p?
21
Let k be (-2 - 0) + 51 + 1. Let x(w) = w**3 - 3*w**2 + 2*w - 2. Let i be x(2). Let f be (-3 + 2)*5*i. Calculate the highest common factor of k and f.
10
Let b = -4 + 6. Let f = 34 + 20. Suppose b*j = -3*q - f + 230, -3*j - 44 = -q. Calculate the greatest common divisor of q and 8.
8
Suppose 5*c - 3*l = 513, -3*l = 4*c + 2*l - 440. Suppose 2*i - c = -i. Calculate the greatest common divisor of i and 7.
7
Suppose -i - 2*i = 4*k - 12, -3 = -k - i. Suppose k*t + 8 = 7*t. Suppose -5*y + 2 = -3. Calculate the greatest common divisor of y and t.
1
Let o = -7 - -11. Suppose 0*g + 140 = o*g. Calculate the highest common factor of g and 14.
7
Suppose a + 17 = 209. What is the greatest common divisor of 24 and a?
24
Let k(a) = -a + 9. Let q be k(-3). Calculate the highest common divisor of 30 and q.
6
Let p be 2/(2*2/4). Let h be (-4)/(-5)*(0 + 5). Let n be h/((-3)/((-21)/p)). What is the highest common divisor of n and 70?
14
Let m = -16 + 10. Let f be (-70)/m - 6/9. What is the greatest common divisor of f and 121?
11
Let l = 161 - 97. Calculate the greatest common factor of l and 16.
16
Suppose 4*x - 128 = -g, 3*x + x = -4*g + 128. Let h(r) = 39*r + 2. Let f be h(2). What is the highest common divisor of x and f?
16
Let d be 1 - 1 - (0 - -6). Let z be -22*(9/d - -1). What is the highest common factor of z and 99?
11
Let b be 1/(-1 - 0)*-17. Let f = 58 - 20. Let u = f + -21. Calculate the highest common factor of u and b.
17
Let l = 16 + -16. Suppose -2*c + 162 = -l*c. Calculate the highest common factor of c and 9.
9
Suppose -1171 = -2*g - 3*g + 4*v, 2*g + 4*v = 446. What is the greatest common divisor of g and 21?
21
Let h(j) be the first derivative of j**3/3 - 5*j**2/2 + 2*j - 2. Let l be h(7). Let o = l + 4. What is the highest common factor of o and 50?
10
Let r(x) be the third derivative of -x**5/60 - 7*x**4/24 + 5*x**3/6 + 4*x**2. Let y be r(-4). What is the highest common divisor of 68 and y?
17
Let p(q) = -q**3 - q**2 - q + 96. Let j be p(0). Calculate the greatest common divisor of 64 and j.
32
Suppose 2 = h - 0. Let d = 2 + h. Suppose 4*j + 848 = k + 3*k, -839 = -d*k + j. Calculate the highest common divisor of 19 and k.
19
Suppose 0 = -4*a + 109 - 29. What is the greatest common divisor of a and 4?
4
Let s = -87 - -38. Let w be -4 - s - 0/(-1). What is the greatest common factor of w and 5?
5
Let m(b) = -4*b - 6. Let t(z) = -3*z - 6. Let a(u) = -4*m(u) + 5*t(u). Let j be a(8). Let g be -1 + j + -3 + 10. What is the highest common divisor of 20 and g?
4
Let g(h) be the second derivative of h**4/6 + 5*h**3/3 + 4*h**2 - 2*h. Let l be g(-6). Let o = 1 - -3. Calculate the highest common divisor of l and o.
4
Let h be (-40)/(-1 + -1) + (-5)/5. Calculate the greatest common factor of 95 and h.
19
Let t be 8/(-12) + 11/3. Suppose 4*l = t*l + 11. Calculate the highest common divisor of 22 and l.
11
Suppose 2*y = -2*y + 72. What is the highest common factor of y and 12?
6
Suppose 0*r - 4*r + 120 = 0. Let p be (6/(-2))/3 + 13. Calculate the greatest common divisor of r and p.
6
Let v(n) = -48*n**2 + 3*n - 3. Let p be v(2). Let q be (-6)/(-15) - p/15. What is the highest common divisor of 26 and q?
13
Suppose -4 = -3*k - 1. Let c be (3 - 0/(-4))*k. What is the highest common factor of 9 and c?
3
Let i = -9 + 2. Let z = -6 - i. What is the highest common divisor of 11 and z?
1
Suppose -8*w = -196 - 524. What is the highest common factor of w and 30?
30
Let q = 6 - 3. Suppose 16 = f + q*k, -f - 2*f - 3*k = -24. What is the highest common divisor of f and 36?
4
Let g = 66 - 26. Suppos